-2) + (-3 - -14). What is the greatest common factor of r and u?
10
Let k(r) = -3*r + 1. Let x be k(-1). Let o(q) = q**2 - 6*q - 10. Let s be o(8). Calculate the greatest common divisor of s and x.
2
Let v be (11/3 - 3)*3. Calculate the highest common factor of v and 9.
1
Let g be (-2)/(-3) + 23/(-3). Let z(k) = -k - 2. Let u be z(-13). Let y = g + u. What is the greatest common divisor of 36 and y?
4
Suppose 3*h - 498 + 102 = 0. Calculate the highest common factor of h and 12.
12
Let g(z) = -16*z - 1. Let h be g(-1). Suppose 60 = -0*r + 6*r. What is the highest common factor of r and h?
5
Let p be (12/5)/(1/(-15)). Let f = -25 - p. Suppose 151 = 3*n - 113. What is the greatest common divisor of f and n?
11
Let t = 2 + 6. Let r = 7 + t. Calculate the greatest common divisor of r and 10.
5
Suppose -3*u + 10 = -4*u. Let j = -6 - u. Suppose 0 = -5*d - 2*y + 47 + 11, -j*d + 24 = -4*y. What is the greatest common factor of 80 and d?
10
Suppose 7 = -2*d + 23. What is the greatest common factor of d and 20?
4
Let f = 0 - 4. Let p = -2 - f. Calculate the greatest common divisor of 8 and p.
2
Let j be 5/(-4) - -2 - (-65)/4. Let b be (83/2 - -1)*2. Calculate the highest common divisor of b and j.
17
Suppose -3*u + 5*y = -28, 11 = 4*u + y - 11. Let s = -3 + u. Let c be 12*2 + (-3)/s. What is the highest common factor of c and 184?
23
Suppose -4*o + 87 = -189. What is the greatest common divisor of 46 and o?
23
Suppose -13 - 11 = -2*a. Calculate the highest common factor of a and 4.
4
Suppose f = 4*f + 168. Let v be (-8 - -10) + f/(-2). Suppose 15 = 2*t - t. Calculate the greatest common factor of t and v.
15
Let w = 41 + -17. Suppose 0*x - w = -3*x. Calculate the greatest common factor of 1 and x.
1
Suppose -5*n - 4*a + 40 = 0, 5*n - 71 + 21 = -2*a. Calculate the highest common divisor of n and 12.
12
Suppose 5*q - 25 = -5*b, -17 = -q - 2*q - 4*b. Calculate the highest common factor of q and 33.
3
Let h(i) = -5*i - 6 + 0*i - i**2 - i. Let g be h(-6). Let r(w) = w**3 + 6*w**2 - 4*w. Let l be r(g). What is the highest common factor of 3 and l?
3
Let q be (3*2)/((-5)/(-15)). What is the highest common factor of q and 27?
9
Let u be (32/(-10))/((-4)/20). Let i be 1/4 - 100/u. Let a be 4/(-2)*3/i. Calculate the greatest common divisor of 3 and a.
1
Let n(d) = -2*d**2 + 4*d + 1. Let j be n(4). Let y = j - -35. Let k = -17 - -25. What is the highest common factor of k and y?
4
Let q(c) = 2*c - 6. Let i be q(4). Suppose i = -2*z + 3*z. Suppose o - 24 = -z*o. Calculate the greatest common factor of 64 and o.
8
Let d be 2/4*288/9. Calculate the greatest common factor of 16 and d.
16
Let x = 18 - -13. Calculate the greatest common divisor of x and 31.
31
Suppose 3*s = 6*s. Let g be 0 + (s - -16) - 3. Calculate the highest common factor of g and 52.
13
Let l = -2 - -25. Calculate the greatest common factor of 161 and l.
23
Let t be -2 - 1*-4 - 8. Let h(r) be the first derivative of r**3/3 + 2*r**2 + 2*r - 11. Let z be h(t). What is the highest common divisor of z and 21?
7
Let t(b) = 2*b + 3. Let i be t(4). Let j = -8 + i. Suppose -j*y + 135 = -0*y. Calculate the highest common factor of 15 and y.
15
Let v be 2882/44 - 3/2. What is the greatest common divisor of 48 and v?
16
Suppose 132*s = 128*s + 200. What is the highest common factor of 20 and s?
10
Suppose 0*r + 10 = 5*r. Let a be ((r/1)/(-1))/2. Let c(y) = -55*y. Let v be c(a). What is the highest common divisor of v and 22?
11
Let c(l) = -l**3 + 4*l**2 + 4. Let o be c(4). Suppose -3*r = 5*s, 2*s + 3 = -2*r + 7. Suppose 0 = r*f - 10. What is the greatest common factor of o and f?
2
Let b(o) be the third derivative of 8*o**5/15 + o**3/6 - o**2. Let k be (-1)/2 - (-3)/2. Let a be b(k). Calculate the greatest common divisor of a and 3.
3
Let r(w) = 25*w**2 - w. Let k be r(1). What is the greatest common factor of 60 and k?
12
Let u = 15 + 15. What is the greatest common divisor of u and 240?
30
Suppose -3 = -5*b - 13, -5*z = -4*b - 8. Let l = z - 0. Suppose 3*a = k - 4, -a - 28 + l = -3*k. What is the highest common divisor of 50 and k?
10
Let u(z) = -z**2 - 6*z + 3. Let c be u(-6). Let v = 4 - c. Calculate the greatest common divisor of v and 7.
1
Let b be (-42)/(-4)*4/3. Let s(x) = 3*x + 71. Let c be s(-5). What is the greatest common factor of c and b?
14
Let h(g) = -2*g**3 + 6*g**2 + 2*g + 4. Let j be h(5). Let r be j/(-11) + 10/55. What is the highest common divisor of r and 56?
8
Suppose 5*d - 525 = 3*i, -3*d = 2*d - 5*i - 535. Let r = -58 + d. Suppose 2*u - 20 = r. Calculate the highest common factor of u and 8.
8
Let b = 103 - 10. Let v(w) = 63*w**2 - 2*w + 1. Let t be v(1). What is the greatest common divisor of b and t?
31
Let x be 1*2*(2 - 1). Let g be x*9 + 2 - -1. Calculate the highest common factor of g and 3.
3
Let o be -30*(3 - (-52)/(-12)). What is the greatest common factor of 5 and o?
5
Suppose -2*m + 2 = 0, h - 2 = 2*m - 0. Let n = 4 + h. Calculate the highest common factor of 8 and n.
8
Suppose -2*c + 94 = 5*d, -4*d + 3*c - 25 + 91 = 0. Suppose 0 = 5*y + 2*q - 219, q + 22 = 4*y - 161. Calculate the highest common divisor of y and d.
9
Suppose -f + 36 + 24 = 0. What is the greatest common factor of 12 and f?
12
Suppose 0 = f + 5*r + 11 + 11, 2 = -f - r. Calculate the highest common factor of 9 and f.
3
Let l = -337 + 561. Calculate the highest common factor of l and 32.
32
Suppose 135 = 5*n - 4*n. Let f = 199 - n. Suppose -y + 6*y - 80 = 0. What is the highest common divisor of y and f?
16
Let w be 27/2 + 2/(-4). What is the highest common divisor of w and 13?
13
Let k(j) = -j**3 - 8*j**2 - 7*j + 6. Let t be k(-7). Suppose 0 = -2*w + b + 73, b + 103 = 3*w + t*b. Calculate the greatest common factor of 4 and w.
4
Suppose -3*b - 24 = -6*b. What is the highest common factor of 88 and b?
8
Suppose 13*a - 9*a = 88. What is the greatest common factor of a and 110?
22
Let k = -5 - -9. Suppose -a = 5*c - 4*a - 8, -k*c - a + 20 = 0. Suppose 2*d - 21 = 67. What is the greatest common factor of c and d?
4
Suppose 11*f = 13*f - 374. Calculate the greatest common divisor of 17 and f.
17
Let x = -5 - -9. Let k(i) = 8*i - 12. Let l be k(6). Calculate the highest common divisor of l and x.
4
Suppose -75 + 18 = -3*k. What is the highest common divisor of k and 38?
19
Let f = -31 + 41. Let k = 37 - 7. What is the greatest common divisor of k and f?
10
Let a be 1/(20/18 - 1). Let d(n) be the first derivative of 62*n**3/3 + n - 2. Let g be d(1). What is the greatest common factor of g and a?
9
Suppose -34 = -3*n - 1. Suppose -c - 90 + 502 = 0. Let w = c - 291. Calculate the highest common divisor of n and w.
11
Let i(w) = 3*w + 4. Let d be i(4). Let j be 23 - (1 - 4/2). What is the highest common divisor of d and j?
8
Suppose -12 = -k + v, 0 = k - 3*v - 3 - 9. Calculate the highest common factor of 4 and k.
4
Let f = 4 - -12. Let h = -10 + f. Calculate the greatest common divisor of h and 2.
2
Let c(k) = 12*k - 10. Let q be c(4). What is the greatest common divisor of q and 266?
38
Let a be (-4 - -2) + 2*3. Suppose 3*t = a + 8. What is the highest common factor of 16 and t?
4
Let v(k) = -k**3 - 5*k**2 - 2*k - 2. Let h be v(-4). Let c be h*(1 + -3) + -2. What is the greatest common factor of 180 and c?
18
Let o(f) = -4*f - 3. Let r be o(-7). Let s be r/(24/(-9) + 3). What is the greatest common factor of s and 30?
15
Let y(a) = a**2 - 5*a - 12. Let z be y(9). Suppose 2*x = z + 4. Suppose -54 = -u + 4*k, 0*u - 207 = -5*u - k. What is the greatest common factor of x and u?
14
Suppose -31 = 4*k - 3*o, -2*o + 5 = -5*k - 5*o. Let l = 6 + k. Let i be 6/(2/(6 - l)). What is the greatest common factor of 84 and i?
12
Suppose 5*o = 4*d + 108 - 282, 4*d = 4*o + 176. What is the greatest common factor of 322 and d?
46
Let s(z) = -8*z - 2. Let w be s(-9). What is the greatest common factor of 14 and w?
14
Let f = 21 - 5. Let t(w) = w**3 + 21*w**2 - 29*w + 22. Let z be t(-22). What is the highest common divisor of f and z?
16
Let r be -1 - (-7)/(21/18). Let d(b) = -2*b**2 - b + 3. Let p be d(-4). Let z = -5 - p. Calculate the highest common divisor of z and r.
5
Suppose 0 = -0*a - a + 6. Let g be (2 - 1)/(1/42). Calculate the highest common factor of g and a.
6
Let x be -18 + 21 - 12/(-2). Let g(s) = 3*s**2 - s - 9. Let t 